posite number?
False
Is 36873791 a prime number?
True
Is 8157673 a composite number?
False
Is 5420171 composite?
False
Is 930623 a prime number?
False
Is 4371063 prime?
False
Is 23435002 a prime number?
False
Is 10030583 composite?
False
Is 72525989 a composite number?
False
Is 4160951 a prime number?
True
Is 21870293 prime?
False
Is 427025013 prime?
False
Is 3701113 a prime number?
False
Is 2337409 a prime number?
False
Is 2499917 a prime number?
False
Is 60122501 composite?
True
Is 67831021 composite?
False
Is 1654673 a composite number?
False
Is 469709902 composite?
True
Is 1515617 a prime number?
True
Is 16891297 a prime number?
False
Is 770741 a prime number?
True
Is 4587953 composite?
False
Is 4839511 a prime number?
False
Is 30110897 a composite number?
False
Is 75547421 a prime number?
True
Is 42620077 prime?
False
Is 750835777 a prime number?
True
Is 3748387 composite?
False
Is 107694047 a prime number?
True
Is 53213 a prime number?
False
Is 43575431 composite?
False
Is 114057907 a composite number?
True
Is 272102447 composite?
True
Is 1277467 composite?
True
Is 43064501 composite?
True
Is 1630709 prime?
False
Is 512143 a composite number?
True
Is 57550659 a prime number?
False
Is 16101913 a prime number?
True
Is 15761287 prime?
True
Is 16481749 composite?
True
Is 3792713 a prime number?
False
Is 2730869 a composite number?
False
Is 1036067 a composite number?
False
Is 8468123 a composite number?
False
Is 290055601 composite?
True
Is 16606129 a prime number?
True
Is 17638279 composite?
False
Is 10805079 composite?
True
Is 20307967 composite?
True
Is 15815351 a composite number?
False
Is 117644203 composite?
False
Is 5119091 a composite number?
True
Is 1035661 composite?
True
Is 326293741 prime?
False
Is 16112249 a prime number?
True
Is 23061377 composite?
True
Is 87616393 prime?
False
Is 496659889 prime?
False
Is 5161669 composite?
False
Is 841157 a composite number?
False
Is 3829723 a composite number?
True
Is 6363751 a prime number?
False
Is 12120365 prime?
False
Is 167839657 composite?
True
Is 187751 prime?
True
Is 664723 a prime number?
False
Is 84506197 prime?
True
Is 511713823 a prime number?
True
Is 9675571 a prime number?
False
Is 2813523 composite?
True
Is 24114939 a prime number?
False
Is 690685357 prime?
True
Is 20590693 a prime number?
True
Is 452444651 prime?
False
Is 4855787 a composite number?
False
Is 148650731 a prime number?
True
Is 8672117 composite?
False
Is 629537059 prime?
True
Is 277219049 a composite number?
False
Is 18598031 prime?
False
Is 29499839 a prime number?
True
Is 19798949 composite?
True
Is 18401527 composite?
False
Is 8585921 prime?
True
Is 81319577 composite?
False
Is 4290805 a composite number?
True
Is 26462179 composite?
True
Is 50181689 prime?
False
Is 32966929 prime?
True
Is 843859 composite?
True
Is 1033093 composite?
True
Is 51707827 composite?
True
Is 27893969 a prime number?
False
Is 6533167 a composite number?
False
Is 19491551 a composite number?
False
Is 24579803 a composite number?
True
Is 37316585 a prime number?
False
Is 13763467 prime?
False
Is 44987957 a composite number?
True
Is 43946093 prime?
False
Is 31067419 a composite number?
True
Is 11053499 a prime number?
False
Is 2566223 prime?
False
Is 2006257 composite?
True
Is 17589317 a composite number?
True
Is 3030085 a prime number?
False
Is 7117567 prime?
True
Is 3336169 composite?
True
Is 3646601 a composite number?
True
Is 37094773 prime?
True
Is 135265791 composite?
True
Is 3690431 a composite number?
True
Is 362959 a prime number?
False
Is 9233599 prime?
False
Is 29494967 prime?
True
Is 85381 composite?
False
Is 440833 prime?
False
Is 409148381 prime?
False
Is 1194530027 a prime number?
False
Is 11091677 prime?
False
Is 5203481 prime?
False
Is 64432759 composite?
True
Is 72821543 prime?
True
Is 129911 prime?
False
Is 6659069 composite?
True
Is 264772601 a prime number?
True
Is 27231443 composite?
True
Is 63504137 prime?
False
Is 73922099 prime?
True
Is 401449099 composite?
False
Is 41176783 a composite number?
True
Is 4821071 a composite number?
True
Is 7516121 a prime number?
True
Is 22572961 a prime number?
True
Is 11249827 composite?
False
Is 12909089 composite?
True
Is 48210551 a composite number?
False
Is 5602657 a prime number?
True
Is 58373449 prime?
True
Is 5142923 prime?
False
Is 3963467 a prime number?
True
Is 47535311 prime?
True
Is 6182149 a prime number?
True
Is 265381201 composite?
False
Is 960119 a composite number?
False
Is 153548441 a composite number?
False
Is 55143929 prime?
True
Is 113912389 a prime number?
True
Is 37131169 composite?
True
Is 1596433 composite?
False
Is 739871 composite?
True
Is 210270193 prime?
False
Is 2303489 prime?
True
Is 4800193 a composite number?
False
Is 260769 a composite number?
True
Is 155635421 a composite number?
True
Is 58983 a prime number?
False
Is 5121287 a composite number?
False
Is 4391663 a composite number?
True
Is 1240931 composite?
False
Is 32575157 a composite number?
True
Is 24143527 a prime number?
True
Is 34174271 a composite number?
False
Is 39233249 composite?
True
Is 146401771 a prime number?
True
Is 121201 prime?
False
Is 43886449 prime?
False
Is 2532389 prime?
True
Is 16799239 prime?
False
Is 50862359 a composite number?
True
Is 14570759 composite?
True
Is 13827563 a composite number?
True
Is 34793279 composite?
False
Is 1659877 a prime number?
True
Is 186477829 a prime number?
True
Is 5891203 a composite number?
False
Is 99317633 a prime number?
True
Is 17861 prime?
False
Is 6506777 a composite number?
True
Is 576797071 prime?
True
Is 5315923 a prime number?
False
Is 827583659 a prime number?
False
Is 34833703 prime?
False
Is 1216419 composite?
True
Is 5344139 prime?
True
Is 16165871 prime?
False
Is 16594651 a composite number?
False
Is 17279959 composite?
True
Is 51429461 composite?
True
Is 22645795 composite?
True
Is 1733519 a composite number?
False
Is 31426469 prime?
False
Is 6180379 a composite number?
False
Is 25834843 a composite number?
True
Is 2012141 a composite number?
True
Is 38172671 a prime number?
False
Is 1663093 a prime number?
False
Is 114470761 prime?
False
Is 3800339 a prime number?
False
Is 1056851 composite?
True
Is 19423757 a prime number?
False
Is 944602 composite?
True
Is 41154431 a composite number?
False
Is 87529969 prime?
True
Is 152367079 a composite number?
False
Is 16858739 a composite number?
False
Is 11704711 composite?
False
Is 88157747 prime?
True
Is 590835253 a composite number?
False
Is 232140107 composite?
False
Is 6870371 composite?
True
Is 30076031 prime?
False
Is 22862107 prime?
True
Is 6671419 composite?
True
Is 368243 composite?
False
Is 111814003 a prime number?
False
Is 5616901 a composite number?
True
Is 57272563 prime?
False
Is 280578227 a prime number?
True
Is 34351 a composite number?
False
Is 28058479 prime?
False
Is 94460783 composite?
False
Is 4009519 composite?
True
Is 70505629 prime?
False
Is 35837881 prime?
False
Is 3899759 a prime number?
False
Is 2336011 a composite number?
False
Is 3515417 a composite number?
False
Is 42374993 composite?
True
Is 5352047 prime?
False
Is 2554289 composite?
False
Is 1538931 prime?
False
Is 15520342 a prime number?
False
Is 127120693 a composite number?
True
Is 60976063 prime?
True
Is 3097009 prime?
False
Is 1188149 a prime number?
True
Is 21141157 prime?
False
Is 66144053 a prime number?
False
Is 179329 composite?
True
Is 130688317 prime?
True
Is 18332683 a prime number?
True
Is 12036397 prime?
True
Is 442445821 composite?
False
Is 74943641 prime?
True
Is 1100441 prime?
True
Is 13919513 prime?
True
Is 1018519 a composite number?
True
Is 26781491 prime?
False
Is 39114919 composite?
True
Is 40971421 composite?
True
Is 65096159 a prime number?
False
Is 4474577 composite?
True
Is 7292882 prime?
False
Is 8194601 prime?
False
Is 103879913 a prime number?
False
Is 158674697 a prime number?
True
Is 96259 a composite number?
False
Is 38310515 a prime number?
False
Is 187231 a composite number?
True
Is 2368123 composite?
True
Is 3134303 prime?
True
Is 2734097 composite?
False
Is 2917723 a prime number?
True
Is 346705 prime?
False
Is 463760909 a composite number?
True
Is 18332387 a composite number?
False
Is 105628541 composite?
False
Is 121115 composite?
True
Is 70925293 a p